9. Let h be c(-1). Suppose o = 5*r + 171, 7*o + 348 = h*o - 4*r. What is the remainder when o is divided by 7?
1
Let k(i) = 6*i**2 - 105*i + 69. Let h(a) = -19*a - 1. What is the remainder when k(18) is divided by h(-1)?
15
Let v(i) be the first derivative of -i**4/4 + 14*i**3/3 + i**2/2 + 12*i + 291. Let u be 0 + (0 - -2 - -12). What is the remainder when 102 is divided by v(u)?
24
Let n(o) = 3*o + 27. Let w be n(-9). Suppose 4*z = 5*d - 183, -3*z + 2*d + 3*d - 141 = w. Let j = -2 - z. Calculate the remainder when 156 is divided by j.
36
What is the remainder when 1418 is divided by (70/(-20) - -9)/(5/100)?
98
Suppose -9 = i - 3. Let t(z) = z**3 + 6*z**2 - 3*z - 7. Calculate the remainder when ((-16770)/(-156))/((-10)/(-12)) is divided by t(i).
8
Suppose -55769 = -76*k - 52*k - 129*k. What is the remainder when 222 is divided by k?
5
Suppose -3*c + 8 - 32 = -s, 3*s - 85 = -4*c. Suppose 2*o - 13 - s = 0. Let k = -7943 + 8001. What is the remainder when k is divided by o?
18
Suppose -5*k + 213 = 3*l, -238*k + 235*k = 5*l - 147. Calculate the remainder when 151 is divided by k.
34
Let l = 6 + -3. Suppose 0 = q + 2*o + 11 - l, 5*q = -3*o - 12. Suppose q = -g + 3, 0 = -3*f + 3*g + 121 + 35. Calculate the remainder when f is divided by 14.
13
Let a = 49 - 46. Suppose 0*c + c - 11 = -a*v, -v + 25 = -5*c. What is the remainder when 20 + -4 + (-5 - c) is divided by 8?
7
Let d = -10958 - -11217. Calculate the remainder when 1150 is divided by d.
114
What is the remainder when (2 - 49/14)*121190/(-15) is divided by 24?
23
Suppose 82*r + 333*r - 366860 = 0. What is the remainder when r is divided by 432?
20
Suppose -108*y + 66*y - 52784 = -58*y. What is the remainder when y is divided by 470?
9
Let f(c) = -c**2 - 7*c + 15. Suppose 5*y + 115 = -5*b, 4*b = -4 - 4. Let d = y + 49. Calculate the remainder when d is divided by f(-7).
13
Let w(g) = -g**3 - 37*g**2 - 35*g + 110. Let x = -806 + 770. Calculate the remainder when 74 is divided by w(x).
0
Suppose c + 4*c - 10 = 0, 4*p = 2*c + 16. Suppose 0*g + 23 = a + 3*g, -4*g = -p*a + 153. What is the remainder when 47 is divided by a?
18
Let c(d) be the third derivative of 41*d**5/60 + d**4 + 5*d**3/3 - 41*d**2 - 3. What is the remainder when c(-5) is divided by 54?
51
Calculate the remainder when (-45)/((-3)/24 - (-1575)/13944) is divided by 21.
18
Suppose -7*b = 2*b - 117. Suppose -w - b = -13. What is the remainder when w/(1 - 0) + 33 is divided by 18?
15
Let n(d) = -30*d**3 + 4*d**2 - 5*d - 12. Let f(v) = -v**2 + 16*v - 9. Let s be f(13). Suppose 130 + s = 5*o. What is the remainder when n(-2) is divided by o?
30
Suppose 2*x - 827 = -x + 5*v, -5*x = v - 1341. Suppose -10*n = -x - 191. Suppose -2*y + 41 = 7. What is the remainder when n is divided by y?
12
Let f(x) = -6*x**3 + x**2 + 2*x - 2. Let g be f(1). Let j(h) = h**2 - 11. Let b be j(g). Calculate the remainder when 14 - b - (-19 + 0) is divided by 4.
3
Let b = -135 - -331. Let k = b + -156. Calculate the remainder when 99 is divided by k.
19
Let v = -2962 + 2974. Calculate the remainder when 1583 is divided by v.
11
Let w(t) = 83*t - 7. Suppose -4*a + 2*n + 164 = 0, -85 = -4*a - 2*n + 95. What is the remainder when w(2) is divided by a?
30
Let k(c) = c**3 + 6*c**2 - 12*c - 51. Calculate the remainder when (1 - -3) + 72 + (-3 - -6) is divided by k(-6).
16
Let y = -4285 - -4321. What is the remainder when y is divided by 6?
0
Let i(p) = 14*p + 72. Let m = -254 - -262. Calculate the remainder when i(13) is divided by m.
6
Suppose 3*a = 5*n + 4*a - 2687, 2659 = 5*n - 3*a. What is the remainder when n is divided by 175?
11
Suppose -261*m = 7615 - 325774. Calculate the remainder when m is divided by 20.
19
Let g(u) = 2*u - 13. Let i be g(7). Let b be ((-63)/(-6)*6)/i. Let a = -39 + b. What is the remainder when 45 is divided by a?
21
Let u = 7041 + -7012. What is the remainder when 2232 is divided by u?
28
Let g = -1011 - -1048. What is the remainder when 442 is divided by g?
35
Let a = -13460 - -13740. Calculate the remainder when a is divided by 98.
84
Suppose -4*l + 404 = -4*u, 5*u + l = -0*l - 493. Let i = 107 + u. Let t = 107 - 94. Calculate the remainder when t is divided by i.
5
Suppose -3*a = 15, 5*p + 3*a - 105 = -0*p. Calculate the remainder when 980 is divided by p.
20
Let m = -1262 - -621. Let b = -525 - m. What is the remainder when b is divided by 63?
53
What is the remainder when (-6)/(-30) - (-1 - (-619)/(-5)) is divided by (-2*6)/4 + 29?
21
Let c(m) = m**2 + 4*m - 13. Let u be c(8). Let d = -68 + u. Let t(v) = 7*v - 30. Calculate the remainder when t(d) is divided by 26.
23
Suppose -3 = 4*z - 7. Let d = 1514 + -1501. What is the remainder when -2*(-1)/(z/10) is divided by d?
7
Let d = -2556 - -2668. Calculate the remainder when 227 is divided by d.
3
Let y = -13 + 50. Let a(j) = -j + 26. Let k be 1 + 10 + 144/(-24). What is the remainder when y is divided by a(k)?
16
Let m = -533 - -818. Suppose 0 = 7*c - 590 - m. Calculate the remainder when c is divided by 32.
29
Let t = 4622 - 4578. Calculate the remainder when 878 is divided by t.
42
Let c = -1449 - -2130. Calculate the remainder when c is divided by 333.
15
Let i(z) = 6*z**2 + 0*z**2 - 9639*z + 9640*z + 3*z**2. Let b = 2 - 0. What is the remainder when 189 is divided by i(b)?
37
Suppose -100240 = -126*d - 19474. What is the remainder when d is divided by 635?
6
Suppose 28*g - 3*f = 32*g - 215, -2*g + 3*f = -139. What is the remainder when 306 is divided by g?
11
What is the remainder when 639 is divided by 9/24 - 2/6*9726/(-16)?
30
Suppose 0 = 4*u - u - q - 959, 2*q = u - 318. Suppose v - 44 - 31 = -t, 4*v - u = t. Let m = 50 - 42. Calculate the remainder when v is divided by m.
7
Suppose -22*v + 33 = 11*v. Let b(p) = 1 - 4*p**2 + 4*p**3 + 4*p**2 + 5*p**3. Calculate the remainder when 27 is divided by b(v).
7
Let y(q) = -23*q**2 + 153*q - 4. What is the remainder when 404 is divided by y(6)?
60
Let f(c) = c + 6. Let d(x) = -x**3 + 7*x**2 + 4*x - 17. Let p be d(7). Suppose -4*l + 31 = p. What is the remainder when 32 is divided by f(l)?
10
Let o(r) = -r**3 + 6*r**2 - 9*r - 26. Let s be o(-5). Suppose 0 = 60*g - 66*g + s. What is the remainder when g is divided by 20?
9
Let d(k) = 85*k**2 + 30*k + 2. Suppose 3*j = 2*j + 225. What is the remainder when j is divided by d(-1)?
54
Let p be 24/(-7) - -3*(-1)/(-7). Let f(v) = 20*v**2 + 9*v - 12. Calculate the remainder when f(p) is divided by 12.
9
Let w(n) = -n**2 - 11*n - 13. Let b be w(0). Let h(t) = -2*t**3 - 28*t**2 - 28*t + 10. Let k = -7 + 150. Calculate the remainder when k is divided by h(b).
35
Let y(w) be the third derivative of -65*w**4/24 - w**3 + 7*w**2. Let s = -5949 + 5958. What is the remainder when y(-2) is divided by s?
7
Suppose 4*t - 104 = -2*k, t + 3*k + k - 12 = 0. Calculate the remainder when 7*-4*3/(-154) - (-7256)/88 is divided by t.
27
Suppose -31*g - 3203 = 29*g - 18443. What is the remainder when g is divided by 127?
0
Let o(k) = -14*k - 23. Let z = -374 - -372. What is the remainder when 62 is divided by o(z)?
2
Calculate the remainder when (-3 - (-5 + (-18)/9)) + 339 is divided by 10.
3
Let p be 6 + (2/(-4))/(10/60). Suppose 0 = -p*n + 4*k + 118, -76*n + 78*n - 74 = -2*k. Calculate the remainder when 189 is divided by n.
37
Let l = 1632 + 312. Suppose 5*c + 3*c - l = 0. Suppose -m + c = 94. Calculate the remainder when m is divided by 25.
24
Let d be (-1480)/(-18) + (-2)/9. Let j = d - 43. What is the remainder when (-9747)/(-63) - 6/(-21) is divided by j?
38
Let c = -20743 - -20839. What is the remainder when 1331 is divided by c?
83
Suppose 4*s - 143 - 43 = 2*a, s - 51 = 5*a. Suppose -s*m - 318 = -52*m. Calculate the remainder when m is divided by 11.
9
Let g = 1052 - 642. Suppose 17*f - 610 = g. Calculate the remainder when f is divided by (-5)/20 - (-85)/4.
18
Suppose -968 = -4*p + 3*y, -3*y + 178 = p - 79. What is the remainder when p is divided by 13?
11
Let r(f) = -f**3 - 3*f**2 - 7*f + 7. Let d be (-3)/15*-4*-5. What is the remainder when 249 is divided by r(d)?
45
Let r be (-2)/(11 - 7)*(-1 - -1). Suppose -3*v + 4*i + 43 = r, 15*v - 5*i = 16*v - 27. Calculate the remainder when 66 is divided by v.
15
Suppose -39*z = -31*z - 17376. Suppose 0 = 7*v - z - 1349. Calculate the remainder when v is divided